vide 319?
True
Does 17 divide 26?
False
Is 17 a factor of 118?
False
Is 438 a multiple of 73?
True
Does 14 divide 28?
True
Is 15 a factor of 3810?
True
Does 18 divide 6554?
False
Does 13 divide 832?
True
Does 22 divide 16301?
False
Is 24 a factor of 1824?
True
Is 11656 a multiple of 99?
False
Is 3325 a multiple of 25?
True
Does 194 divide 25022?
False
Is 46853 a multiple of 197?
False
Is 325 a multiple of 65?
True
Is 24950 a multiple of 57?
False
Is 52 a factor of 38844?
True
Does 29 divide 58?
True
Is 5 a factor of 3118?
False
Does 31 divide 46165?
False
Does 9 divide 1076?
False
Is 210 a multiple of 30?
True
Is 37 a factor of 42168?
False
Is 9 a factor of 132057?
True
Is 8 a factor of 333?
False
Is 42 a factor of 3944?
False
Is 1533 a multiple of 16?
False
Is 438 a multiple of 6?
True
Is 2457 a multiple of 91?
True
Does 15 divide 295?
False
Does 3 divide 1253?
False
Is 36927 a multiple of 17?
False
Does 58 divide 585?
False
Is 676 a multiple of 45?
False
Does 85 divide 211?
False
Is 5643 a multiple of 19?
True
Is 47151 a multiple of 13?
True
Does 11 divide 1745?
False
Is 18 a factor of 774?
True
Is 87175 a multiple of 275?
True
Is 3624 a multiple of 4?
True
Is 169 a factor of 18421?
True
Is 188 a multiple of 56?
False
Does 24 divide 8040?
True
Does 40 divide 640?
True
Is 79 a factor of 30583?
False
Is 35823 a multiple of 46?
False
Is 52 a multiple of 13?
True
Does 4 divide 136?
True
Does 6 divide 594?
True
Is 101 a factor of 20410?
False
Does 16 divide 896?
True
Is 339 a factor of 40706?
False
Is 2515 a multiple of 29?
False
Does 47 divide 1081?
True
Is 66 a factor of 4620?
True
Is 1482 a multiple of 38?
True
Is 20696 a multiple of 17?
False
Is 2343 a multiple of 33?
True
Is 49626 a multiple of 27?
True
Is 17 a factor of 408?
True
Is 638 a multiple of 11?
True
Is 668 even?
True
Is 19 a factor of 2557?
False
Is 6 a factor of 1836?
True
Does 37 divide 15614?
True
Is 1289 even?
False
Is 2646 a multiple of 49?
True
Is 24 a factor of 10028?
False
Does 11 divide 24746?
False
Does 13 divide 26546?
True
Is 69 a factor of 3519?
True
Is 3541 a multiple of 48?
False
Does 63 divide 413?
False
Is 5532 a multiple of 16?
False
Is 13 a factor of 221?
True
Does 10 divide 822?
False
Does 69 divide 690?
True
Is 110922 a multiple of 38?
True
Is 34 a factor of 340?
True
Does 13 divide 338?
True
Does 12 divide 1246?
False
Does 84 divide 63168?
True
Is 26 a factor of 114?
False
Does 103 divide 14729?
True
Is 79 a factor of 20892?
False
Is 7314 a multiple of 6?
True
Is 18 a factor of 792?
True
Is 1118 a multiple of 26?
True
Is 1044 a multiple of 48?
False
Does 5 divide 1305?
True
Is 2400 a multiple of 102?
False
Is 74 a factor of 1258?
True
Does 29 divide 580?
True
Is 19 a factor of 40014?
True
Is 16767 a multiple of 12?
False
Is 234 a factor of 62244?
True
Is 2413 even?
False
Is 72 a factor of 9576?
True
Does 103 divide 9519?
False
Is 35 a factor of 788?
False
Does 2 divide 9511?
False
Is 55 a factor of 62480?
True
Is 4488 a multiple of 106?
False
Is 54 a factor of 5694?
False
Is 279 a multiple of 9?
True
Is 20676 a multiple of 121?
False
Does 4 divide 3309?
False
Does 6 divide 1019?
False
Does 142 divide 568?
True
Is 1198 a multiple of 31?
False
Is 3809 a multiple of 13?
True
Is 484 a multiple of 165?
False
Is 1008 a multiple of 48?
True
Is 3945 a multiple of 15?
True
Is 36 a factor of 60281?
False
Does 73 divide 3942?
True
Does 20 divide 780?
True
Does 7 divide 1693?
False
Is 68 a factor of 18496?
True
Does 91 divide 3822?
True
Does 5 divide 2225?
True
Is 23 a factor of 23?
True
Does 144 divide 4320?
True
Is 3 a factor of 2683?
False
Is 201 a multiple of 10?
False
Is 6 a factor of 5094?
True
Is 6633 a multiple of 9?
True
Is 3454 a multiple of 74?
False
Is 13 a factor of 312?
True
Is 17508 a multiple of 21?
False
Is 3 a factor of 13?
False
Does 180 divide 3600?
True
Is 5500 a multiple of 24?
False
Is 2902 a multiple of 51?
False
Is 25 a factor of 288?
False
Is 8392 a multiple of 102?
False
Does 5 divide 3056?
False
Is 12482 a multiple of 158?
True
Is 9 a factor of 549?
True
Is 97 a factor of 10185?
True
Is 64321 a multiple of 201?
False
Is 24 a factor of 37488?
True
Does 7 divide 300?
False
Is 779 a multiple of 11?
False
Does 84 divide 4536?
True
Is 81324 a multiple of 251?
True
Does 56 divide 4493?
False
Does 3 divide 33?
True
Is 30 a factor of 2010?
True
Is 19 a factor of 7643?
False
Does 4 divide 709?
False
Is 23 a factor of 18837?
True
Is 8 a factor of 16056?
True
Is 17 a factor of 1020?
True
Is 13 a factor of 27088?
False
Is 36 a factor of 8296?
False
Is 1117 a multiple of 33?
False
Is 2512 a multiple of 8?
True
Is 4301 a multiple of 18?
False
Does 5 divide 259?
False
Is 269 a multiple of 33?
False
Does 22 divide 12914?
True
Does 4 divide 6260?
True
Is 397 a factor of 81716?
False
Does 10 divide 80986?
False
Does 85 divide 19501?
False
Is 1314 a multiple of 9?
True
Does 183 divide 74481?
True
Is 2448 a multiple of 16?
True
Is 21504 a multiple of 112?
True
Is 1352 a multiple of 13?
True
Is 30316 a multiple of 26?
True
Is 25 a factor of 612?
False
Does 36 divide 100214?
False
Does 68 divide 1836?
True
Does 14 divide 42?
True
Is 4772 a multiple of 13?
False
Is 420 a multiple of 60?
True
Is 14435 a multiple of 17?
False
Is 7630 a multiple of 18?
False
Is 102 a factor of 22769?
False
Does 86 divide 17299?
False
Is 75 a factor of 102?
False
Is 21792 a multiple of 48?
True
Is 8816 a multiple of 76?
True
Is 8026 a multiple of 18?
False
Is 4363 a multiple of 140?
False
Is 87 a factor of 3045?
True
Is 18229 a multiple of 9?
False
Is 15 a factor of 2175?
True
Does 33 divide 6996?
True
Does 23 divide 6996?
False
Is 2 a factor of 35?
False
Is 28 a factor of 671?
False
Is 11101 a multiple of 17?
True
Is 17 a factor of 51?
True
Is 86 a factor of 15058?
False
Does 2 divide 44?
True
Is 13488 a multiple of 48?
True
Is 1551 a multiple of 200?
False
Is 3459 a multiple of 22?
False
Does 45 divide 17010?
True
Does 227 divide 13721?
False
Is 4 a factor of 900?
True
Does 74 divide 8222?
False
Is 44055 a multiple of 99?
True
Is 28 a multiple of 2?
True
Is 11648 a multiple of 112?
True
Does 15 divide 226?
False
Does 32 divide 2404?
False
Does 7 divide 242?
False
Is 645 a multiple of 13?
False
Is 30951 a multiple of 171?
True
Is 40 a factor of 14441?
False
Is 96 a factor of 20543?
False
Does 21 divide 567?
True
Is 732 a multiple of 12?
True
Is 2 a factor of 83?
False
Does 13 divide 3120?
True
Is 2247 a multiple of 21?
True
Is 53 a factor of 371?
True
Is 190 a factor of 10640?
True
Is 2 a factor of 12746?
True
Does 200 divide 135000?
True
Does 13 divide 559?
True
Is 836 a multiple of 22?
True
Does 35 divide 20860?
True
Is 472 a multiple of 59?
True
Is 34 a factor of 3502?
True
Does 6 divide 105?
False
Does 64 divide 5657?
False
Is 24 a multiple of 4?
True
Does 9 divide 58375?
False
Is 6390 a multiple of 63?
False
Does 28 divide 5759?
False
Is 16966 a multiple of 17?
True
Is 7 a multiple of 7?
True
Does 4 divide 292?
True
Does 36 divide 16036?
False
Is 1094 a multiple of 22?
False
Is 51 a multiple of 5?
False
Is 14 a factor of 4746?
True
Is 13 a factor of 208?
True
Is 42 a factor of 1094?
False
Is 15 a factor of 1053?
False
Does 95 divide 638?
False
Is 102318 a multiple of 165?
False
Is 17 a factor of 1214?
False
Is 1648 a multiple of 16?
True
Is 7 a factor of 9716?
True
Does 59 divide 2478?
True
Is 720 a multiple of 40?
True
Is 19 a factor of 12458?
False
Does 4 divide 54?
False
Is 9 a factor of 692?
False
Is 2573 a multiple of 17?
False
Is 6034 a multiple of 95?
False
Is 17 a factor of 9520?
True
Is 7 a factor of 1666?
True
Is 1321 a multiple of 12?
False
Is 25112 a multiple of 15?
False
Does 58 divide 1566?
True
Is 14007 a multiple of 21?
True
Is 37 a factor of 33263?
True
Is 56 a factor of 12488?
True
Is 1083 a multiple of 6?
False
Does 67 divide 32248?
False
Is 1908 a multiple of 36?
True
Is 25 a factor of 1975?
True
Does 24 divide 216?
True
Is 36 a factor of 3640?
False
Is 11 a factor of 21912?
True
Is 3 a factor of 9672?
True
Is 2925 a multiple of 25?
True
Is 957 a multiple of 29?
True
Is 12740 a multiple of 14?
True
Is 52 a factor of 988?
True
Does 17 divide 15022?
False
Does 22 divide 337?
False
Is 45 a factor of 5933?
False
Is 47355 a multiple of 196?
False
Does 15 divide